{"id":30,"date":"2020-02-14T22:44:15","date_gmt":"2020-02-14T21:44:15","guid":{"rendered":"https:\/\/www.theater-tp.ch\/web\/?page_id=30"},"modified":"2026-01-26T17:01:05","modified_gmt":"2026-01-26T16:01:05","slug":"galerie","status":"publish","type":"page","link":"https:\/\/www.theater-tp.ch\/web\/galerie\/","title":{"rendered":"Galerie"},"content":{"rendered":"\n<p><\/p>\n\n\n\n<ul class=\"wp-block-list\">\n<li>2026 &#8211; \u00c4lplerl\u00e4ba<\/li>\n<\/ul>\n\n\n\n<ul class=\"wp-block-list\">\n<li id=\"Theater-f\u00fcr-ne-guete-Zw\u00e4ck\"><a href=\"https:\/\/www.theater-tp.ch\/web\/galerie\/\" data-type=\"page\" data-id=\"30\">2025 &#8211; Theater f\u00fcr ne guete Zw\u00e4ck<\/a><\/li>\n<\/ul>\n\n\n\n<ul class=\"wp-block-list\">\n<li>2024 &#8211; <em>Hauptsach d Chemie stimmt<\/em><\/li>\n\n\n\n<li>2023 &#8211; <em>Achtung B\u00e4r<\/em><\/li>\n\n\n\n<li>2022 &#8211; <em>gab es keine Auff\u00fchrungen (Corona)<\/em><\/li>\n\n\n\n<li>2021 &#8211; <em>gab es keine Auff\u00fchrungen<\/em><\/li>\n\n\n\n<li>2020 &#8211; Crazy Days im Altersheim<\/li>\n\n\n\n<li>2019 &#8211; <em>gab es keine Auff\u00fchrungen<\/em><\/li>\n\n\n\n<li><a href=\"\/web\/galerie\/2017-a-heissa-droht\/\">2017 &#8211; A heissa Droht<\/a><\/li>\n\n\n\n<li><a href=\"\/web\/galerie\/2018-sjubilaeum\/\">2018 &#8211; S&#8217;Jubil\u00e4um<\/a><\/li>\n\n\n\n<li><a href=\"\/web\/galerie\/2016-ddrache-flueuegend-tueuef\/\">2016 &#8211; D Drache fl\u00fc\u00fcgend t\u00fc\u00fcf<\/a><\/li>\n\n\n\n<li><a href=\"\/web\/galerie\/2015-dstepphueahner\/\">2015 &#8211; D Stepph\u00fcahner<\/a><\/li>\n\n\n\n<li><a href=\"\/web\/galerie\/2014-e-liabi-erbschaft\/\">2014 &#8211; A liabi Erbschaft<\/a><\/li>\n\n\n\n<li><a href=\"\/web\/galerie\/2013-heisse-braeute-machen-beute\/\">2013 &#8211; Heisse Br\u00e4ute machen Beute<\/a><\/li>\n\n\n\n<li><a href=\"\/web\/galerie\/2012-dr-oelprinz\/\">2012 &#8211; Dr Oelprinz<\/a><\/li>\n\n\n\n<li><a href=\"\/web\/galerie\/2011-dr-geischt-im-raathuus\/\">2011 &#8211; Dr Geischt im Raathuus<\/a><\/li>\n\n\n\n<li><a href=\"\/web\/galerie\/2010-mord-im-blumehof\/\">2010 &#8211; Mord im Blumehof<\/a><\/li>\n\n\n\n<li><a href=\"\/web\/galerie\/2009-a-frau-zviel\/\">2009 &#8211; A Frau z&#8217;viel<\/a><\/li>\n\n\n\n<li><a href=\"\/web\/galerie\/2008-dr-hahn-im-chorb\/\">2008 &#8211; Dr Hahn im Chorb<\/a><\/li>\n\n\n\n<li><a href=\"\/web\/galerie\/2007-nur-e-kei-manne\/\">2007 &#8211; Nur e kei Manne<\/a><\/li>\n\n\n\n<li>2006 &#8211; Es verh\u00e4ngnisvolls Wuchenend<\/li>\n\n\n\n<li>2005 &#8211; Do sind Si richtig<\/li>\n\n\n\n<li>2004 &#8211; A schlaechti Uusred<\/li>\n\n\n\n<li>2003 &#8211; S&#8217;Interview<\/li>\n\n\n\n<li>2002 &#8211; Nesthocker<\/li>\n\n\n\n<li>2001 &#8211; Bis doch nit so dumm<\/li>\n\n\n\n<li>2000 &#8211; Sparmassnahme<\/li>\n\n\n\n<li>1999 &#8211; Das cha jo heiter waerde<\/li>\n\n\n\n<li>1998 &#8211; 10 Millionen zum Geburtstag<\/li>\n\n\n\n<li>1997 &#8211; D&#8217;Schwindelfiliale<\/li>\n\n\n\n<li>1996 &#8211; Und keine will der Vater si<\/li>\n\n\n\n<li>1995 &#8211; Wenn der G\u00fcggel chraeht<\/li>\n\n\n\n<li>1994 &#8211; Lugi Glogga<\/li>\n\n\n\n<li>1993 &#8211; De Suendebock<\/li>\n\n\n\n<li>1992 &#8211; D&#8217;Spezialprob<\/li>\n\n\n\n<li>1991 &#8211; Was mer het, das het mer<\/li>\n<\/ul>\n\n\n\n<ul class=\"wp-block-list\">\n<li><\/li>\n<\/ul>\n","protected":false},"excerpt":{"rendered":"","protected":false},"author":1,"featured_media":3024,"parent":0,"menu_order":2,"comment_status":"closed","ping_status":"closed","template":"","meta":{"ngg_post_thumbnail":0,"footnotes":""},"class_list":["post-30","page","type-page","status-publish","has-post-thumbnail","hentry"],"_links":{"self":[{"href":"https:\/\/www.theater-tp.ch\/web\/wp-json\/wp\/v2\/pages\/30","targetHints":{"allow":["GET"]}}],"collection":[{"href":"https:\/\/www.theater-tp.ch\/web\/wp-json\/wp\/v2\/pages"}],"about":[{"href":"https:\/\/www.theater-tp.ch\/web\/wp-json\/wp\/v2\/types\/page"}],"author":[{"embeddable":true,"href":"https:\/\/www.theater-tp.ch\/web\/wp-json\/wp\/v2\/users\/1"}],"replies":[{"embeddable":true,"href":"https:\/\/www.theater-tp.ch\/web\/wp-json\/wp\/v2\/comments?post=30"}],"version-history":[{"count":25,"href":"https:\/\/www.theater-tp.ch\/web\/wp-json\/wp\/v2\/pages\/30\/revisions"}],"predecessor-version":[{"id":3026,"href":"https:\/\/www.theater-tp.ch\/web\/wp-json\/wp\/v2\/pages\/30\/revisions\/3026"}],"wp:featuredmedia":[{"embeddable":true,"href":"https:\/\/www.theater-tp.ch\/web\/wp-json\/wp\/v2\/media\/3024"}],"wp:attachment":[{"href":"https:\/\/www.theater-tp.ch\/web\/wp-json\/wp\/v2\/media?parent=30"}],"curies":[{"name":"wp","href":"https:\/\/api.w.org\/{rel}","templated":true}]}}