{"id":32,"date":"2020-02-14T22:44:30","date_gmt":"2020-02-14T21:44:30","guid":{"rendered":"https:\/\/www.theater-tp.ch\/web\/?page_id=32"},"modified":"2021-06-26T22:13:28","modified_gmt":"2021-06-26T21:13:28","slug":"gaestebuch","status":"publish","type":"page","link":"https:\/\/www.theater-tp.ch\/web\/gaestebuch\/","title":{"rendered":"G\u00e4stebuch"},"content":{"rendered":"\n<p class=\"has-text-align-center\" style=\"font-size:30px\"><strong>Willkommen in unserem G\u00e4stebuch!<\/strong><br>St\u00f6bern Sie, schreiben Sie &#8230; wir freuen uns \u00fcber jeden Eintrag<\/p>\n","protected":false},"excerpt":{"rendered":"<p>Willkommen in unserem G\u00e4stebuch!St\u00f6bern Sie, schreiben Sie &#8230; wir freuen uns \u00fcber jeden Eintrag<\/p>\n","protected":false},"author":1,"featured_media":117,"parent":0,"menu_order":3,"comment_status":"open","ping_status":"closed","template":"","meta":{"ngg_post_thumbnail":0,"footnotes":""},"class_list":["post-32","page","type-page","status-publish","has-post-thumbnail","hentry"],"_links":{"self":[{"href":"https:\/\/www.theater-tp.ch\/web\/wp-json\/wp\/v2\/pages\/32","targetHints":{"allow":["GET"]}}],"collection":[{"href":"https:\/\/www.theater-tp.ch\/web\/wp-json\/wp\/v2\/pages"}],"about":[{"href":"https:\/\/www.theater-tp.ch\/web\/wp-json\/wp\/v2\/types\/page"}],"author":[{"embeddable":true,"href":"https:\/\/www.theater-tp.ch\/web\/wp-json\/wp\/v2\/users\/1"}],"replies":[{"embeddable":true,"href":"https:\/\/www.theater-tp.ch\/web\/wp-json\/wp\/v2\/comments?post=32"}],"version-history":[{"count":6,"href":"https:\/\/www.theater-tp.ch\/web\/wp-json\/wp\/v2\/pages\/32\/revisions"}],"predecessor-version":[{"id":1882,"href":"https:\/\/www.theater-tp.ch\/web\/wp-json\/wp\/v2\/pages\/32\/revisions\/1882"}],"wp:featuredmedia":[{"embeddable":true,"href":"https:\/\/www.theater-tp.ch\/web\/wp-json\/wp\/v2\/media\/117"}],"wp:attachment":[{"href":"https:\/\/www.theater-tp.ch\/web\/wp-json\/wp\/v2\/media?parent=32"}],"curies":[{"name":"wp","href":"https:\/\/api.w.org\/{rel}","templated":true}]}}