{"id":52,"date":"2020-02-14T22:54:10","date_gmt":"2020-02-14T21:54:10","guid":{"rendered":"https:\/\/www.theater-tp.ch\/web\/?page_id=52"},"modified":"2020-02-16T22:24:53","modified_gmt":"2020-02-16T21:24:53","slug":"2015-dstepphueahner","status":"publish","type":"page","link":"https:\/\/www.theater-tp.ch\/web\/galerie\/2015-dstepphueahner\/","title":{"rendered":"2015 \u2013 D\u2019Stepph\u00fcahner"},"content":{"rendered":"\n<p class=\"has-medium-font-size\"><br><strong>Kom\u00f6die in 3 Akten von Bernd Spehling<br>Mundartbearbeitung Franziska Meuwly (Theaterverlag Kaliolabusto)<\/strong><\/p>\n\n\n\n<p class=\"has-medium-font-size\"><br><strong>Inhalt<\/strong> &#8230;<br><\/p>\n\n\n\n<p class=\"has-text-align-left\">Drei sehr unterschiedliche und alleinstehende Damen praktizieren mit Leidenschaft und Hingabe ein Hobby, das ihnen mehr gibt als jeder Mann &#8211; den Stepptanz.<br>Um ihre beiden Freundinnen etwas abzulenken, organisiert Vera ein paar Tage Ferien in den Bergen. Sie ist \u00fcberzeugt, dass diese Erholungsphase allen gut tut. Denn Leonie hat das Ableben ihres Verflossenen noch nicht wirklich verkraftet und die vom monotonen Alltag gezeichnete Doris durfte noch nie etwas jenseits ihrer eigenen Haust\u00fcre erleben. Und so freuen sich die drei &#171;Stepph\u00fchner&#187; auf ein paar inspirierende, erholsame, ruhige und vor allem m\u00e4nnerlose Tage in der kleinen Pension &#171;Seeblick mit Finesse&#187;. <br>Ihr Plan wird jedoch z\u00fcnftig durcheinander gebracht und von Ruhe und m\u00e4nnerlos kann keine Rede sein. Denn just in dieser Pension versucht auch eine Partnervermittlerin ihren ersten Heiratskandidaten an die Frau zu bringen. Und der neue Kellner der gesch\u00e4ftst\u00fcchtigen Wirtin kann seinen Job nur behalten, wenn er sich den weiblichen G\u00e4sten in ganz besonderer Art und Weise widmet. Die Folgen seiner intensiven &#171;Betreuung&#187; sind feminine Hormonsch\u00fcbe und f\u00fchren dazu, dass sich die drei Damen sogar gegenseitig &#171;austricksen&#187;. Der Arzt mit seinem schr\u00e4gen Humor und den etwas seltsamen Behandlungsmethoden ist auch nicht gerade das, was man von einem Humanmediziner erwarten darf.<br>In dieser Pension trifft also zusammen, was definitiv nicht zusammen passt.<\/p>\n\n\n\n<p class=\"has-medium-font-size\"><br><strong>Es spielten &#8230;<\/strong><\/p>\n\n\n\n<figure class=\"wp-block-table\"><table class=\"has-fixed-layout\"><tbody><tr><td>Agnes<\/td><td>C\u00e9cile Hirt<\/td><\/tr><tr><td>Rita<\/td><td>Nadine Held<\/td><\/tr><tr><td>Ramon<\/td><td>Adrian Hirt<\/td><\/tr><tr><td>Vera<\/td><td>Barbara Hirt<\/td><\/tr><tr><td>Leonie<\/td><td>Renate Schaffter<\/td><\/tr><tr><td>Doris<\/td><td>Alice Mark<\/td><\/tr><tr><td>Guido Panache<\/td><td>Ueli Walser<\/td><\/tr><tr><td>Dr. Apostel<\/td><td>Werner Bieg<\/td><\/tr><tr><td>Statist<\/td><td>Andreas Sporleder<\/td><\/tr><\/tbody><\/table><\/figure>\n\n\n\nngg_shortcode_0_placeholder\n","protected":false},"excerpt":{"rendered":"<p>Kom\u00f6die in 3 Akten von Bernd SpehlingMundartbearbeitung Franziska Meuwly (Theaterverlag Kaliolabusto) Inhalt &#8230; Drei sehr unterschiedliche und alleinstehende Damen praktizieren mit Leidenschaft und Hingabe ein Hobby, das ihnen mehr gibt als jeder Mann &#8211; den Stepptanz.Um ihre beiden Freundinnen etwas abzulenken, organisiert Vera ein paar Tage Ferien in den Bergen. Sie ist \u00fcberzeugt, dass diese [&hellip;]<\/p>\n","protected":false},"author":1,"featured_media":1652,"parent":30,"menu_order":91,"comment_status":"closed","ping_status":"closed","template":"","meta":{"ngg_post_thumbnail":0,"footnotes":""},"class_list":["post-52","page","type-page","status-publish","has-post-thumbnail","hentry"],"_links":{"self":[{"href":"https:\/\/www.theater-tp.ch\/web\/wp-json\/wp\/v2\/pages\/52","targetHints":{"allow":["GET"]}}],"collection":[{"href":"https:\/\/www.theater-tp.ch\/web\/wp-json\/wp\/v2\/pages"}],"about":[{"href":"https:\/\/www.theater-tp.ch\/web\/wp-json\/wp\/v2\/types\/page"}],"author":[{"embeddable":true,"href":"https:\/\/www.theater-tp.ch\/web\/wp-json\/wp\/v2\/users\/1"}],"replies":[{"embeddable":true,"href":"https:\/\/www.theater-tp.ch\/web\/wp-json\/wp\/v2\/comments?post=52"}],"version-history":[{"count":2,"href":"https:\/\/www.theater-tp.ch\/web\/wp-json\/wp\/v2\/pages\/52\/revisions"}],"predecessor-version":[{"id":899,"href":"https:\/\/www.theater-tp.ch\/web\/wp-json\/wp\/v2\/pages\/52\/revisions\/899"}],"up":[{"embeddable":true,"href":"https:\/\/www.theater-tp.ch\/web\/wp-json\/wp\/v2\/pages\/30"}],"wp:featuredmedia":[{"embeddable":true,"href":"https:\/\/www.theater-tp.ch\/web\/wp-json\/wp\/v2\/media\/1652"}],"wp:attachment":[{"href":"https:\/\/www.theater-tp.ch\/web\/wp-json\/wp\/v2\/media?parent=52"}],"curies":[{"name":"wp","href":"https:\/\/api.w.org\/{rel}","templated":true}]}}