{"id":54,"date":"2020-02-14T22:54:22","date_gmt":"2020-02-14T21:54:22","guid":{"rendered":"https:\/\/www.theater-tp.ch\/web\/?page_id=54"},"modified":"2020-02-16T22:25:11","modified_gmt":"2020-02-16T21:25:11","slug":"2017-a-heissa-droht","status":"publish","type":"page","link":"https:\/\/www.theater-tp.ch\/web\/galerie\/2017-a-heissa-droht\/","title":{"rendered":"2017 \u2013 A heissa Droht"},"content":{"rendered":"\n<p class=\"has-medium-font-size\"><strong>Lustspiel in zwei Akten von Carmelo Pesenti<\/strong> <strong>(Theaterverlag Breuninger, Aarau)<\/strong><\/p>\n\n\n\n<p><\/p>\n\n\n\n<p class=\"has-medium-font-size\"><br><strong>Inhalt<\/strong> &#8230;<\/p>\n\n\n\n<p>Der &#171;Ch\u00e4mihof&#187; von R\u00f6sli Binggeli hat auch schon bessere Zeiten erlebt. Trotz aller Bem\u00fchungen geht es finanziell bergab. R\u00f6slis Freundin Petra ist aber mit Ideenreichtum gesegnet und sehr talentiert, wenn es darum geht, L\u00f6sungen zu finden. Ihr gewagtes Vorhaben funktioniert aber nur, wenn sie Vreni und Sepp \u00fcberreden kann, mit ins &#171;Rettungsboot&#187; zu steigen. Das ist leichter gesagt als getan.<br>Als der Plan zu scheitern droht, stellt Petra den beiden das Ultimatum: Hof und Arbeit verlieren &#8211; oder mitmachen!<br>Dazu bringt die P\u00f6stlerin Fr\u00e4nzi alles auf ihre besondere Art durcheinander. Als dann auch noch Bruder Mattheus aus Versehen einen Anruf entgegen nimmt, Susi, die Frau von Polizist Ueli Meier sich in alles einmischt und daf\u00fcr sorgt, dass Falsche verd\u00e4chtigt und sogar verhaftet werden, nimmt das Chaos seinen Lauf.<\/p>\n\n\n\n<p class=\"has-medium-font-size\"><br><strong>Es spielten &#8230;<\/strong><\/p>\n\n\n\n<figure class=\"wp-block-table\"><table class=\"has-fixed-layout\"><tbody><tr><td>R\u00f6sli Binggeli<\/td><td>Barbara Hirt<\/td><\/tr><tr><td>Vreni M\u00e4uchtri<\/td><td>Renate Schaffter<\/td><\/tr><tr><td>Sepp Ruchti<\/td><td>Chrigel Schaffer<\/td><\/tr><tr><td>Petra Ingold<\/td><td>Janine Adams<\/td><\/tr><tr><td>Ueli Meier<\/td><td>Michi Ernst<\/td><\/tr><tr><td>Susi Meier<\/td><td>Alice Mark<\/td><\/tr><tr><td>Bruder Mattheus<\/td><td>Devi Engi<\/td><\/tr><tr><td>Fr\u00e4nzi Vogel<\/td><td>Gabriela J\u00e4ger<\/td><\/tr><\/tbody><\/table><\/figure>\n\n\n\nngg_shortcode_0_placeholder\n","protected":false},"excerpt":{"rendered":"<p>Lustspiel in zwei Akten von Carmelo Pesenti (Theaterverlag Breuninger, Aarau) Inhalt &#8230; Der &#171;Ch\u00e4mihof&#187; von R\u00f6sli Binggeli hat auch schon bessere Zeiten erlebt. Trotz aller Bem\u00fchungen geht es finanziell bergab. R\u00f6slis Freundin Petra ist aber mit Ideenreichtum gesegnet und sehr talentiert, wenn es darum geht, L\u00f6sungen zu finden. Ihr gewagtes Vorhaben funktioniert aber nur, wenn [&hellip;]<\/p>\n","protected":false},"author":1,"featured_media":1650,"parent":30,"menu_order":89,"comment_status":"closed","ping_status":"closed","template":"","meta":{"ngg_post_thumbnail":0,"footnotes":""},"class_list":["post-54","page","type-page","status-publish","has-post-thumbnail","hentry"],"_links":{"self":[{"href":"https:\/\/www.theater-tp.ch\/web\/wp-json\/wp\/v2\/pages\/54","targetHints":{"allow":["GET"]}}],"collection":[{"href":"https:\/\/www.theater-tp.ch\/web\/wp-json\/wp\/v2\/pages"}],"about":[{"href":"https:\/\/www.theater-tp.ch\/web\/wp-json\/wp\/v2\/types\/page"}],"author":[{"embeddable":true,"href":"https:\/\/www.theater-tp.ch\/web\/wp-json\/wp\/v2\/users\/1"}],"replies":[{"embeddable":true,"href":"https:\/\/www.theater-tp.ch\/web\/wp-json\/wp\/v2\/comments?post=54"}],"version-history":[{"count":4,"href":"https:\/\/www.theater-tp.ch\/web\/wp-json\/wp\/v2\/pages\/54\/revisions"}],"predecessor-version":[{"id":1675,"href":"https:\/\/www.theater-tp.ch\/web\/wp-json\/wp\/v2\/pages\/54\/revisions\/1675"}],"up":[{"embeddable":true,"href":"https:\/\/www.theater-tp.ch\/web\/wp-json\/wp\/v2\/pages\/30"}],"wp:featuredmedia":[{"embeddable":true,"href":"https:\/\/www.theater-tp.ch\/web\/wp-json\/wp\/v2\/media\/1650"}],"wp:attachment":[{"href":"https:\/\/www.theater-tp.ch\/web\/wp-json\/wp\/v2\/media?parent=54"}],"curies":[{"name":"wp","href":"https:\/\/api.w.org\/{rel}","templated":true}]}}