{"id":60,"date":"2020-02-14T22:55:23","date_gmt":"2020-02-14T21:55:23","guid":{"rendered":"https:\/\/www.theater-tp.ch\/web\/?page_id=60"},"modified":"2020-02-16T22:24:46","modified_gmt":"2020-02-16T21:24:46","slug":"2014-e-liabi-erbschaft","status":"publish","type":"page","link":"https:\/\/www.theater-tp.ch\/web\/galerie\/2014-e-liabi-erbschaft\/","title":{"rendered":"2014 \u2013 E liabi Erbschaft"},"content":{"rendered":"\n<p class=\"has-medium-font-size\"><br><strong>Kom\u00f6die in 3 Akten von Hans Feichter<br>Dialektbearbeitung Marc Gianola (Theaterverlag Breuninger, Aarau)<\/strong><\/p>\n\n\n\n<p class=\"has-medium-font-size\"><br><strong>Inhalt<\/strong> &#8230;<br><\/p>\n\n\n\n<p>Jeder freut sich \u00fcber eine unerwartete Erbschaft. Normalerweise!<br>Nicht aber die Br\u00fcder Hans und Peter. Denn es stellt sich heraus, dass eben diese mit einer Auflage verbunden ist, welche den gem\u00e4chlichen Alltag der beiden bedrohlich gef\u00e4hrdet. Die zwei Junggesellen bewirtschaften ihren Hof n\u00e4mlich nicht gerade mit Liebe und Hingabe sondern gehen viel lieber ihren Hobbys nach. Peter legt leidenschaftlich gerne Karten und ist \u00fcberzeugt davon, dass sie ihm die Zukunft voraussagen. Hans wird schon m\u00fcde, wenn er jemandem beim Arbeiten bloss zusieht und ruht sich viel lieber auf seiner Bank aus. Das weibliche Geschlecht interessiert sie auch nicht besonders, und die drei Frauen auf dem Hof werden mehr geduldet als gesch\u00e4tzt. Doch mit dem Eintreffen von zwei &#171;lieben Verwandten&#187; \u00e4ndert sich alles schlagartig. Die Haush\u00e4lterin klagt offen \u00fcber ihr Liebesleid, die Stall-Magd legt pl\u00f6tzlich Wert auf ihr \u00c4usseres, die Haus-Magd versetzt ihren gl\u00fchenden Verehrer in rasende Eifersucht und die &#171;br\u00fcderliche Einigkeit&#187; von Hans und Peter endet sogar in einer wilden Schl\u00e4gerei. Die &#171;lieben Verwandten&#187; bringen so ziemlich Alles und Alle durcheinander, und nichts ist &#8230;&#8230;&#8230;., STOP &#8211; mehr verraten wir nicht!<\/p>\n\n\n\n<p class=\"has-medium-font-size\"><br><strong>Es spielten &#8230;<\/strong><\/p>\n\n\n\n<figure class=\"wp-block-table\"><table class=\"has-fixed-layout\"><tbody><tr><td>Peter, Bauer<\/td><td>Ren\u00e9 Plump<\/td><\/tr><tr><td>Hans, sein Bruder<\/td><td>Devi Engi<\/td><\/tr><tr><td>Christian, ein Verwandter<\/td><td>Michi Ernst<\/td><\/tr><tr><td>Jasmin, eine Verwandte<\/td><td>Nadine Held<\/td><\/tr><tr><td>Frieda, Stall-Magd<\/td><td>Daniel Engi<\/td><\/tr><tr><td>Lucrezia Caduff, Haush\u00e4lterin<\/td><td>Barbara Hirt<\/td><\/tr><tr><td>Maria, Haus-Magd<\/td><td>Renate Schaffter<\/td><\/tr><tr><td>Alex, Laufbursche<\/td><td>Martin Domann<\/td><\/tr><\/tbody><\/table><\/figure>\n\n\n\nngg_shortcode_0_placeholder\n","protected":false},"excerpt":{"rendered":"<p>Kom\u00f6die in 3 Akten von Hans FeichterDialektbearbeitung Marc Gianola (Theaterverlag Breuninger, Aarau) Inhalt &#8230; Jeder freut sich \u00fcber eine unerwartete Erbschaft. Normalerweise!Nicht aber die Br\u00fcder Hans und Peter. Denn es stellt sich heraus, dass eben diese mit einer Auflage verbunden ist, welche den gem\u00e4chlichen Alltag der beiden bedrohlich gef\u00e4hrdet. Die zwei Junggesellen bewirtschaften ihren Hof [&hellip;]<\/p>\n","protected":false},"author":1,"featured_media":1653,"parent":30,"menu_order":92,"comment_status":"closed","ping_status":"closed","template":"","meta":{"ngg_post_thumbnail":0,"footnotes":""},"class_list":["post-60","page","type-page","status-publish","has-post-thumbnail","hentry"],"_links":{"self":[{"href":"https:\/\/www.theater-tp.ch\/web\/wp-json\/wp\/v2\/pages\/60","targetHints":{"allow":["GET"]}}],"collection":[{"href":"https:\/\/www.theater-tp.ch\/web\/wp-json\/wp\/v2\/pages"}],"about":[{"href":"https:\/\/www.theater-tp.ch\/web\/wp-json\/wp\/v2\/types\/page"}],"author":[{"embeddable":true,"href":"https:\/\/www.theater-tp.ch\/web\/wp-json\/wp\/v2\/users\/1"}],"replies":[{"embeddable":true,"href":"https:\/\/www.theater-tp.ch\/web\/wp-json\/wp\/v2\/comments?post=60"}],"version-history":[{"count":3,"href":"https:\/\/www.theater-tp.ch\/web\/wp-json\/wp\/v2\/pages\/60\/revisions"}],"predecessor-version":[{"id":1676,"href":"https:\/\/www.theater-tp.ch\/web\/wp-json\/wp\/v2\/pages\/60\/revisions\/1676"}],"up":[{"embeddable":true,"href":"https:\/\/www.theater-tp.ch\/web\/wp-json\/wp\/v2\/pages\/30"}],"wp:featuredmedia":[{"embeddable":true,"href":"https:\/\/www.theater-tp.ch\/web\/wp-json\/wp\/v2\/media\/1653"}],"wp:attachment":[{"href":"https:\/\/www.theater-tp.ch\/web\/wp-json\/wp\/v2\/media?parent=60"}],"curies":[{"name":"wp","href":"https:\/\/api.w.org\/{rel}","templated":true}]}}