{"id":62,"date":"2020-02-14T22:55:36","date_gmt":"2020-02-14T21:55:36","guid":{"rendered":"https:\/\/www.theater-tp.ch\/web\/?page_id=62"},"modified":"2020-02-16T22:24:22","modified_gmt":"2020-02-16T21:24:22","slug":"2011-dr-geischt-im-raathuus","status":"publish","type":"page","link":"https:\/\/www.theater-tp.ch\/web\/galerie\/2011-dr-geischt-im-raathuus\/","title":{"rendered":"2011 \u2013 Dr Geischt im Raathuus"},"content":{"rendered":"\n<p class=\"has-medium-font-size\"> <br><strong>Kom\u00f6die in 3 Akten von Hans Schimmel (Theaterverlag Kaliolabusto)<\/strong><\/p>\n\n\n\n<p class=\"has-medium-font-size\"><br><strong>Inhalt<\/strong> &#8230;<br><\/p>\n\n\n\n<p>Anton H\u00e4feli und Elvira T\u00fcpfle f\u00fchrten bisher ein ziemlich geruhsames Leben als Beamte im Rathaus. Dies \u00e4ndert sich allerdings, als Viktoria Bader als Gemeindepr\u00e4sidentin das Ruder \u00fcbernimmt. Ihr ehrgeiziges Ziel ist es, einen Nachbarort einzugemeinden und als Ober-Gemeindepr\u00e4sidentin gew\u00e4hlt zu werden. Um dieses Ziel zu erreichen, engagiert sie den Unternehmungsberater Roland Heiniger, der nicht ganz uneigenn\u00fctzige Pl\u00e4ne verfolgt, da ihm eine Supermarktkette eine fette Pr\u00e4mie versprochen hat, um an ein begehrtes Baugrundst\u00fcck zu kommen. Dumm nur, dass ausgerechnet hier das denkmalgesch\u00fctzte Rathaus steht. Dass dies der Wohnsitz des Gespenstes Nikolaus Nachtigall ist, der seit seinem Ableben an das Geb\u00e4ude gefesselt ist, ahnt bis dahin keiner. Als dieser erf\u00e4hrt, dass das Rathaus abgerissen werden soll, beschliesst er, mit Hilfe von Anton diese Pl\u00e4ne zu durchkreuzen. Dauergast im Rathaus sind die beiden verfeindeten Nachbarinnen Klara R\u00fcfenacht und Rita Kn\u00f6pfli, die keine Gelegenheit auslassen miteinander zu streiten. Nachdem Anton als angebliches Medium mit den Geistern Kontakt aufnimmt, ruft dies die Wahrsagerin Emma Sollberger, alias Esmeralda, auf den Plan, die einer scheinbaren Konkurrenz das Feld nicht allein \u00fcberlassen will. Das ist f\u00fcr Nikolaus nicht nur die Gelegenheit sein Heim zu retten, er m\u00f6chte sich auch mal wieder im Rahmen seiner M\u00f6glichkeiten so richtig am\u00fcsieren.<\/p>\n\n\n\n<p class=\"has-medium-font-size\"><br><strong>Es spielten &#8230;<\/strong><\/p>\n\n\n\n<figure class=\"wp-block-table\"><table class=\"has-fixed-layout\"><tbody><tr><td>Nikolaus Nachtigall, Gespenst<\/td><td>Chrigel Schaffer<\/td><\/tr><tr><td>Anton H\u00e4feli, Beamter<\/td><td>Ueli Walser<\/td><\/tr><tr><td>Elvira T\u00fcpfle, Arbeitskollegin von Anton<\/td><td>Renate Schaffter<\/td><\/tr><tr><td>Viktoria Bader, Gemeindepr\u00e4sidentin<\/td><td>Alice Mark<\/td><\/tr><tr><td>Roland Heiniger, Unternehmungsberater<\/td><td>Werner Bieg<\/td><\/tr><tr><td>Regine Nussbaumer, Putzfrau<\/td><td>Barbara Hirt<\/td><\/tr><tr><td>Emma Sollberger, Wahrsagerin und Medium<\/td><td>Mia Engi<\/td><\/tr><tr><td>Klara R\u00fcfenacht, streitbare Nachbarin<\/td><td>Nadine Held<\/td><\/tr><tr><td>Rita Kn\u00f6pfli, Erzfeindin von Klara R\u00fcfenacht<\/td><td>Daniela Engi<\/td><\/tr><\/tbody><\/table><\/figure>\n\n\n\nngg_shortcode_0_placeholder\n","protected":false},"excerpt":{"rendered":"<p>Kom\u00f6die in 3 Akten von Hans Schimmel (Theaterverlag Kaliolabusto) Inhalt &#8230; Anton H\u00e4feli und Elvira T\u00fcpfle f\u00fchrten bisher ein ziemlich geruhsames Leben als Beamte im Rathaus. Dies \u00e4ndert sich allerdings, als Viktoria Bader als Gemeindepr\u00e4sidentin das Ruder \u00fcbernimmt. Ihr ehrgeiziges Ziel ist es, einen Nachbarort einzugemeinden und als Ober-Gemeindepr\u00e4sidentin gew\u00e4hlt zu werden. Um dieses Ziel [&hellip;]<\/p>\n","protected":false},"author":1,"featured_media":1656,"parent":30,"menu_order":95,"comment_status":"closed","ping_status":"closed","template":"","meta":{"ngg_post_thumbnail":0,"footnotes":""},"class_list":["post-62","page","type-page","status-publish","has-post-thumbnail","hentry"],"_links":{"self":[{"href":"https:\/\/www.theater-tp.ch\/web\/wp-json\/wp\/v2\/pages\/62","targetHints":{"allow":["GET"]}}],"collection":[{"href":"https:\/\/www.theater-tp.ch\/web\/wp-json\/wp\/v2\/pages"}],"about":[{"href":"https:\/\/www.theater-tp.ch\/web\/wp-json\/wp\/v2\/types\/page"}],"author":[{"embeddable":true,"href":"https:\/\/www.theater-tp.ch\/web\/wp-json\/wp\/v2\/users\/1"}],"replies":[{"embeddable":true,"href":"https:\/\/www.theater-tp.ch\/web\/wp-json\/wp\/v2\/comments?post=62"}],"version-history":[{"count":5,"href":"https:\/\/www.theater-tp.ch\/web\/wp-json\/wp\/v2\/pages\/62\/revisions"}],"predecessor-version":[{"id":1678,"href":"https:\/\/www.theater-tp.ch\/web\/wp-json\/wp\/v2\/pages\/62\/revisions\/1678"}],"up":[{"embeddable":true,"href":"https:\/\/www.theater-tp.ch\/web\/wp-json\/wp\/v2\/pages\/30"}],"wp:featuredmedia":[{"embeddable":true,"href":"https:\/\/www.theater-tp.ch\/web\/wp-json\/wp\/v2\/media\/1656"}],"wp:attachment":[{"href":"https:\/\/www.theater-tp.ch\/web\/wp-json\/wp\/v2\/media?parent=62"}],"curies":[{"name":"wp","href":"https:\/\/api.w.org\/{rel}","templated":true}]}}