{"id":70,"date":"2020-02-14T22:56:33","date_gmt":"2020-02-14T21:56:33","guid":{"rendered":"https:\/\/www.theater-tp.ch\/web\/?page_id=70"},"modified":"2020-02-16T22:23:56","modified_gmt":"2020-02-16T21:23:56","slug":"2008-dr-hahn-im-chorb","status":"publish","type":"page","link":"https:\/\/www.theater-tp.ch\/web\/galerie\/2008-dr-hahn-im-chorb\/","title":{"rendered":"2008 \u2013 Dr Hahn im Chorb"},"content":{"rendered":"\n<p class=\"has-medium-font-size\"><br><strong>Lustspiel in 3 Akten von Maya Gm\u00fcr (Theaterverlag Breuninger, Aarau)<\/strong><\/p>\n\n\n\n<p class=\"has-medium-font-size\"><br><strong>Inhalt<\/strong> &#8230;<br><\/p>\n\n\n\n<p>In der kleinen Pension von Frau Hartmann leben f\u00fcnf Untermieterinnen. Die Damen sind ganz unterschiedlicher Natur. Fr\u00e4ulein Sommer ist eine junge Modesch\u00f6pferin mit zum Teil recht eigendwilligen Kreationen. Fr\u00e4ulein Frech ist Gymnastiklehrerin, Fr\u00e4ulein Matter S\u00e4ngerin, Frau Egger lebt in Scheidung und Arbeit als Verk\u00e4uferin. Die Kr\u00f6nung ist aber Frau Amsler, die unter grosser Verwirrung leidet. In diesen Haufen verr\u00fcckter H\u00fchner zieht nun Lehrer Basler ein.<br>Er ist nun der Hahn im Korb.<br>Frau Hartmann macht sehr viel f\u00fcr ihre Pension\u00e4re, was aber nicht sehr gesch\u00e4tzt wird. Es wird alles anders, als Frau Hartmann f\u00fcr drei Wochen zur Kur f\u00e4hrt. Ihre Schwester Nora springt in dieser Zeit f\u00fcr sie in der Pension ein. Zum Leidwesen der Mieter ist Nora aber eine Nonne. Dieser Pinguin, wie die Ordensschwester genannt wird, bringt einen ganz anderen Wind in dieses Haus. Nun merken alle, was sie an der lieben Frau Hartmann haben. Frau Amsler ist ein dankbares Opfer f\u00fcr allerlei Streiche. Wegen ihrem geistigen Zustand merkt die Arme nicht einmal, dass ihr \u00fcber alles geliebter Kanarienvogel Hansi tot ist. Sie glaubt, er sei m\u00fcde und ruhe sich nur etwas aus.<br>Wie wird die bittere Wahrheit jetzt der netten, vergesslichen Frau Amseln beigebracht? Warum versteht sich sogar Fr\u00e4ulein Sommer und Fr\u00e4ulein Frech pl\u00f6tzlich?<br><\/p>\n\n\n\n<p class=\"has-medium-font-size\"><br><strong>Es spielten &#8230;<\/strong><\/p>\n\n\n\n<figure class=\"wp-block-table\"><table class=\"has-fixed-layout\"><tbody><tr><td>Frau Hartmann, Hausbesitzerin<\/td><td>Renate Schaffter<\/td><\/tr><tr><td>Nora, (Ordens-)Schwester<\/td><td>Daniela Engi<\/td><\/tr><tr><td>Frau Egger, in Scheidung lebende Verk\u00e4uferin<\/td><td>Lu Engi<\/td><\/tr><tr><td>Fr\u00e4nzi Frech, Gymnastiklehrerin<\/td><td>Nadine Held<\/td><\/tr><tr><td>K\u00e4thi Amsler, \u00e4ltere verwirrte Dame<\/td><td>Mia Engi<\/td><\/tr><tr><td>Frau Matter, S\u00e4ngerin<\/td><td>Alice Walser<\/td><\/tr><tr><td>Sabine Sommer, Modesch\u00f6pferin<\/td><td>C\u00e9cile Werder<\/td><\/tr><tr><td>Hugo Hasler, Lehrer<\/td><td>Ueli Walser<\/td><\/tr><tr><td>Oberst Kunz, \u00e4lterer Herr<\/td><td>Chrigel Schaffer<\/td><\/tr><\/tbody><\/table><\/figure>\n\n\n\nngg_shortcode_0_placeholder\n","protected":false},"excerpt":{"rendered":"<p>Lustspiel in 3 Akten von Maya Gm\u00fcr (Theaterverlag Breuninger, Aarau) Inhalt &#8230; In der kleinen Pension von Frau Hartmann leben f\u00fcnf Untermieterinnen. Die Damen sind ganz unterschiedlicher Natur. Fr\u00e4ulein Sommer ist eine junge Modesch\u00f6pferin mit zum Teil recht eigendwilligen Kreationen. Fr\u00e4ulein Frech ist Gymnastiklehrerin, Fr\u00e4ulein Matter S\u00e4ngerin, Frau Egger lebt in Scheidung und Arbeit als [&hellip;]<\/p>\n","protected":false},"author":1,"featured_media":1659,"parent":30,"menu_order":98,"comment_status":"closed","ping_status":"closed","template":"","meta":{"ngg_post_thumbnail":0,"footnotes":""},"class_list":["post-70","page","type-page","status-publish","has-post-thumbnail","hentry"],"_links":{"self":[{"href":"https:\/\/www.theater-tp.ch\/web\/wp-json\/wp\/v2\/pages\/70","targetHints":{"allow":["GET"]}}],"collection":[{"href":"https:\/\/www.theater-tp.ch\/web\/wp-json\/wp\/v2\/pages"}],"about":[{"href":"https:\/\/www.theater-tp.ch\/web\/wp-json\/wp\/v2\/types\/page"}],"author":[{"embeddable":true,"href":"https:\/\/www.theater-tp.ch\/web\/wp-json\/wp\/v2\/users\/1"}],"replies":[{"embeddable":true,"href":"https:\/\/www.theater-tp.ch\/web\/wp-json\/wp\/v2\/comments?post=70"}],"version-history":[{"count":6,"href":"https:\/\/www.theater-tp.ch\/web\/wp-json\/wp\/v2\/pages\/70\/revisions"}],"predecessor-version":[{"id":1680,"href":"https:\/\/www.theater-tp.ch\/web\/wp-json\/wp\/v2\/pages\/70\/revisions\/1680"}],"up":[{"embeddable":true,"href":"https:\/\/www.theater-tp.ch\/web\/wp-json\/wp\/v2\/pages\/30"}],"wp:featuredmedia":[{"embeddable":true,"href":"https:\/\/www.theater-tp.ch\/web\/wp-json\/wp\/v2\/media\/1659"}],"wp:attachment":[{"href":"https:\/\/www.theater-tp.ch\/web\/wp-json\/wp\/v2\/media?parent=70"}],"curies":[{"name":"wp","href":"https:\/\/api.w.org\/{rel}","templated":true}]}}